{"id":2511,"date":"2018-02-20T10:38:29","date_gmt":"2018-02-20T09:38:29","guid":{"rendered":"https:\/\/pixir.pl\/?page_id=2511"},"modified":"2024-04-30T11:01:13","modified_gmt":"2024-04-30T09:01:13","slug":"dedykowane-puszki-polaczeniowe","status":"publish","type":"page","link":"https:\/\/pixir.pl\/technologie\/dedykowane-puszki-polaczeniowe\/","title":{"rendered":"Dedykowane puszki po\u0142\u0105czeniowe"},"content":{"rendered":"<div class=\"block-item block-content block-tech\"><div class=\"block-item-main block-content-main block-tech-main main\"><div class=\"wrapper\">\n<h2>Dedykowane puszki po\u0142\u0105czeniowe<\/h2>\n<p>Do ka\u017cdego modelu kamery PIXIR istnieje mo\u017cliwo\u015b\u0107 dokupienia puszki monta\u017cowej w kt\u00f3rej znajduje si\u0119 miejsce na wykonanie po\u0142\u0105cze\u0144 kablowych. Puszki s\u0105 dopasowane kolorystycznie do kamery co zdecydowanie zwi\u0119ksza estetyk\u0119 miejsca monta\u017cu.<\/p>\n<p><img loading=\"lazy\" decoding=\"async\" class=\"alignnone size-full wp-image-2674 aligncenter\" src=\"https:\/\/pixir.pl\/wp-content\/uploads\/2018\/02\/puszki-montazowe.jpg\" alt=\"dedykowane puszki po\u0142aczeniowe\" width=\"1325\" height=\"445\" srcset=\"https:\/\/pixir.pl\/wp-content\/uploads\/2018\/02\/puszki-montazowe.jpg 1325w, https:\/\/pixir.pl\/wp-content\/uploads\/2018\/02\/puszki-montazowe-300x101.jpg 300w, https:\/\/pixir.pl\/wp-content\/uploads\/2018\/02\/puszki-montazowe-1024x344.jpg 1024w, https:\/\/pixir.pl\/wp-content\/uploads\/2018\/02\/puszki-montazowe-768x258.jpg 768w, https:\/\/pixir.pl\/wp-content\/uploads\/2018\/02\/puszki-montazowe-520x175.jpg 520w, https:\/\/pixir.pl\/wp-content\/uploads\/2018\/02\/puszki-montazowe-370x124.jpg 370w, https:\/\/pixir.pl\/wp-content\/uploads\/2018\/02\/puszki-montazowe-1200x403.jpg 1200w, https:\/\/pixir.pl\/wp-content\/uploads\/2018\/02\/puszki-montazowe-163x55.jpg 163w, https:\/\/pixir.pl\/wp-content\/uploads\/2018\/02\/puszki-montazowe-45x15.jpg 45w, https:\/\/pixir.pl\/wp-content\/uploads\/2018\/02\/puszki-montazowe-35x12.jpg 35w, https:\/\/pixir.pl\/wp-content\/uploads\/2018\/02\/puszki-montazowe-180x60.jpg 180w, https:\/\/pixir.pl\/wp-content\/uploads\/2018\/02\/puszki-montazowe-100x34.jpg 100w\" sizes=\"auto, (max-width: 1325px) 100vw, 1325px\" \/><\/p>\n<\/div><\/div><\/div>\n","protected":false},"excerpt":{"rendered":"","protected":false},"author":1,"featured_media":0,"parent":87,"menu_order":24,"comment_status":"closed","ping_status":"closed","template":"","meta":{"_acf_changed":false,"footnotes":""},"class_list":["post-2511","page","type-page","status-publish"],"acf":[],"yoast_head":"<!-- This site is optimized with the Yoast SEO plugin v27.3 - https:\/\/yoast.com\/product\/yoast-seo-wordpress\/ -->\n<title>Puszki monta\u017cowe dedykowane do konkretnych kamer<\/title>\n<meta name=\"description\" content=\"Ka\u017cdy model kamery PIXIR posiada dedykowan\u0105 puszk\u0119 monta\u017cow\u0105. Puszki s\u0105 dopasowane kolorystycznie do kamery co zwi\u0119ksza estetyk\u0119 monta\u017cu.\" \/>\n<meta name=\"robots\" content=\"index, follow, max-snippet:-1, max-image-preview:large, max-video-preview:-1\" \/>\n<link rel=\"canonical\" href=\"https:\/\/pixir.pl\/technologie\/dedykowane-puszki-polaczeniowe\/\" \/>\n<meta property=\"og:locale\" content=\"pl_PL\" \/>\n<meta property=\"og:type\" content=\"article\" \/>\n<meta property=\"og:title\" content=\"Puszki monta\u017cowe dedykowane do konkretnych kamer\" \/>\n<meta property=\"og:description\" content=\"Ka\u017cdy model kamery PIXIR posiada dedykowan\u0105 puszk\u0119 monta\u017cow\u0105. Puszki s\u0105 dopasowane kolorystycznie do kamery co zwi\u0119ksza estetyk\u0119 monta\u017cu.\" \/>\n<meta property=\"og:url\" content=\"https:\/\/pixir.pl\/technologie\/dedykowane-puszki-polaczeniowe\/\" \/>\n<meta property=\"og:site_name\" content=\"Pixir\" \/>\n<meta property=\"article:modified_time\" content=\"2024-04-30T09:01:13+00:00\" \/>\n<meta property=\"og:image\" content=\"https:\/\/pixir.pl\/wp-content\/uploads\/2018\/02\/puszki-montazowe.jpg\" \/>\n<meta name=\"twitter:card\" content=\"summary_large_image\" \/>\n<meta name=\"twitter:label1\" content=\"Szacowany czas czytania\" \/>\n\t<meta name=\"twitter:data1\" content=\"1 minuta\" \/>\n<script type=\"application\/ld+json\" class=\"yoast-schema-graph\">{\"@context\":\"https:\\\/\\\/schema.org\",\"@graph\":[{\"@type\":\"WebPage\",\"@id\":\"https:\\\/\\\/pixir.pl\\\/technologie\\\/dedykowane-puszki-polaczeniowe\\\/\",\"url\":\"https:\\\/\\\/pixir.pl\\\/technologie\\\/dedykowane-puszki-polaczeniowe\\\/\",\"name\":\"Puszki monta\u017cowe dedykowane do konkretnych kamer\",\"isPartOf\":{\"@id\":\"https:\\\/\\\/pixir.pl\\\/#website\"},\"primaryImageOfPage\":{\"@id\":\"https:\\\/\\\/pixir.pl\\\/technologie\\\/dedykowane-puszki-polaczeniowe\\\/#primaryimage\"},\"image\":{\"@id\":\"https:\\\/\\\/pixir.pl\\\/technologie\\\/dedykowane-puszki-polaczeniowe\\\/#primaryimage\"},\"thumbnailUrl\":\"https:\\\/\\\/pixir.pl\\\/wp-content\\\/uploads\\\/2018\\\/02\\\/puszki-montazowe.jpg\",\"datePublished\":\"2018-02-20T09:38:29+00:00\",\"dateModified\":\"2024-04-30T09:01:13+00:00\",\"description\":\"Ka\u017cdy model kamery PIXIR posiada dedykowan\u0105 puszk\u0119 monta\u017cow\u0105. Puszki s\u0105 dopasowane kolorystycznie do kamery co zwi\u0119ksza estetyk\u0119 monta\u017cu.\",\"breadcrumb\":{\"@id\":\"https:\\\/\\\/pixir.pl\\\/technologie\\\/dedykowane-puszki-polaczeniowe\\\/#breadcrumb\"},\"inLanguage\":\"pl-PL\",\"potentialAction\":[{\"@type\":\"ReadAction\",\"target\":[\"https:\\\/\\\/pixir.pl\\\/technologie\\\/dedykowane-puszki-polaczeniowe\\\/\"]}]},{\"@type\":\"ImageObject\",\"inLanguage\":\"pl-PL\",\"@id\":\"https:\\\/\\\/pixir.pl\\\/technologie\\\/dedykowane-puszki-polaczeniowe\\\/#primaryimage\",\"url\":\"https:\\\/\\\/pixir.pl\\\/wp-content\\\/uploads\\\/2018\\\/02\\\/puszki-montazowe.jpg\",\"contentUrl\":\"https:\\\/\\\/pixir.pl\\\/wp-content\\\/uploads\\\/2018\\\/02\\\/puszki-montazowe.jpg\",\"width\":1325,\"height\":445,\"caption\":\"dedykowane puszki po\u0142aczeniowe\"},{\"@type\":\"BreadcrumbList\",\"@id\":\"https:\\\/\\\/pixir.pl\\\/technologie\\\/dedykowane-puszki-polaczeniowe\\\/#breadcrumb\",\"itemListElement\":[{\"@type\":\"ListItem\",\"position\":1,\"name\":\"Strona g\u0142\u00f3wna\",\"item\":\"https:\\\/\\\/pixir.pl\\\/\"},{\"@type\":\"ListItem\",\"position\":2,\"name\":\"Technologie\",\"item\":\"https:\\\/\\\/pixir.pl\\\/technologie\\\/\"},{\"@type\":\"ListItem\",\"position\":3,\"name\":\"Dedykowane puszki po\u0142\u0105czeniowe\"}]},{\"@type\":\"WebSite\",\"@id\":\"https:\\\/\\\/pixir.pl\\\/#website\",\"url\":\"https:\\\/\\\/pixir.pl\\\/\",\"name\":\"Pixir\",\"description\":\"\",\"potentialAction\":[{\"@type\":\"SearchAction\",\"target\":{\"@type\":\"EntryPoint\",\"urlTemplate\":\"https:\\\/\\\/pixir.pl\\\/?s={search_term_string}\"},\"query-input\":{\"@type\":\"PropertyValueSpecification\",\"valueRequired\":true,\"valueName\":\"search_term_string\"}}],\"inLanguage\":\"pl-PL\"}]}<\/script>\n<!-- \/ Yoast SEO plugin. -->","yoast_head_json":{"title":"Puszki monta\u017cowe dedykowane do konkretnych kamer","description":"Ka\u017cdy model kamery PIXIR posiada dedykowan\u0105 puszk\u0119 monta\u017cow\u0105. Puszki s\u0105 dopasowane kolorystycznie do kamery co zwi\u0119ksza estetyk\u0119 monta\u017cu.","robots":{"index":"index","follow":"follow","max-snippet":"max-snippet:-1","max-image-preview":"max-image-preview:large","max-video-preview":"max-video-preview:-1"},"canonical":"https:\/\/pixir.pl\/technologie\/dedykowane-puszki-polaczeniowe\/","og_locale":"pl_PL","og_type":"article","og_title":"Puszki monta\u017cowe dedykowane do konkretnych kamer","og_description":"Ka\u017cdy model kamery PIXIR posiada dedykowan\u0105 puszk\u0119 monta\u017cow\u0105. Puszki s\u0105 dopasowane kolorystycznie do kamery co zwi\u0119ksza estetyk\u0119 monta\u017cu.","og_url":"https:\/\/pixir.pl\/technologie\/dedykowane-puszki-polaczeniowe\/","og_site_name":"Pixir","article_modified_time":"2024-04-30T09:01:13+00:00","og_image":[{"url":"https:\/\/pixir.pl\/wp-content\/uploads\/2018\/02\/puszki-montazowe.jpg","type":"","width":"","height":""}],"twitter_card":"summary_large_image","twitter_misc":{"Szacowany czas czytania":"1 minuta"},"schema":{"@context":"https:\/\/schema.org","@graph":[{"@type":"WebPage","@id":"https:\/\/pixir.pl\/technologie\/dedykowane-puszki-polaczeniowe\/","url":"https:\/\/pixir.pl\/technologie\/dedykowane-puszki-polaczeniowe\/","name":"Puszki monta\u017cowe dedykowane do konkretnych kamer","isPartOf":{"@id":"https:\/\/pixir.pl\/#website"},"primaryImageOfPage":{"@id":"https:\/\/pixir.pl\/technologie\/dedykowane-puszki-polaczeniowe\/#primaryimage"},"image":{"@id":"https:\/\/pixir.pl\/technologie\/dedykowane-puszki-polaczeniowe\/#primaryimage"},"thumbnailUrl":"https:\/\/pixir.pl\/wp-content\/uploads\/2018\/02\/puszki-montazowe.jpg","datePublished":"2018-02-20T09:38:29+00:00","dateModified":"2024-04-30T09:01:13+00:00","description":"Ka\u017cdy model kamery PIXIR posiada dedykowan\u0105 puszk\u0119 monta\u017cow\u0105. Puszki s\u0105 dopasowane kolorystycznie do kamery co zwi\u0119ksza estetyk\u0119 monta\u017cu.","breadcrumb":{"@id":"https:\/\/pixir.pl\/technologie\/dedykowane-puszki-polaczeniowe\/#breadcrumb"},"inLanguage":"pl-PL","potentialAction":[{"@type":"ReadAction","target":["https:\/\/pixir.pl\/technologie\/dedykowane-puszki-polaczeniowe\/"]}]},{"@type":"ImageObject","inLanguage":"pl-PL","@id":"https:\/\/pixir.pl\/technologie\/dedykowane-puszki-polaczeniowe\/#primaryimage","url":"https:\/\/pixir.pl\/wp-content\/uploads\/2018\/02\/puszki-montazowe.jpg","contentUrl":"https:\/\/pixir.pl\/wp-content\/uploads\/2018\/02\/puszki-montazowe.jpg","width":1325,"height":445,"caption":"dedykowane puszki po\u0142aczeniowe"},{"@type":"BreadcrumbList","@id":"https:\/\/pixir.pl\/technologie\/dedykowane-puszki-polaczeniowe\/#breadcrumb","itemListElement":[{"@type":"ListItem","position":1,"name":"Strona g\u0142\u00f3wna","item":"https:\/\/pixir.pl\/"},{"@type":"ListItem","position":2,"name":"Technologie","item":"https:\/\/pixir.pl\/technologie\/"},{"@type":"ListItem","position":3,"name":"Dedykowane puszki po\u0142\u0105czeniowe"}]},{"@type":"WebSite","@id":"https:\/\/pixir.pl\/#website","url":"https:\/\/pixir.pl\/","name":"Pixir","description":"","potentialAction":[{"@type":"SearchAction","target":{"@type":"EntryPoint","urlTemplate":"https:\/\/pixir.pl\/?s={search_term_string}"},"query-input":{"@type":"PropertyValueSpecification","valueRequired":true,"valueName":"search_term_string"}}],"inLanguage":"pl-PL"}]}},"_links":{"self":[{"href":"https:\/\/pixir.pl\/api\/wp\/v2\/pages\/2511","targetHints":{"allow":["GET"]}}],"collection":[{"href":"https:\/\/pixir.pl\/api\/wp\/v2\/pages"}],"about":[{"href":"https:\/\/pixir.pl\/api\/wp\/v2\/types\/page"}],"author":[{"embeddable":true,"href":"https:\/\/pixir.pl\/api\/wp\/v2\/users\/1"}],"replies":[{"embeddable":true,"href":"https:\/\/pixir.pl\/api\/wp\/v2\/comments?post=2511"}],"version-history":[{"count":14,"href":"https:\/\/pixir.pl\/api\/wp\/v2\/pages\/2511\/revisions"}],"predecessor-version":[{"id":7120,"href":"https:\/\/pixir.pl\/api\/wp\/v2\/pages\/2511\/revisions\/7120"}],"up":[{"embeddable":true,"href":"https:\/\/pixir.pl\/api\/wp\/v2\/pages\/87"}],"wp:attachment":[{"href":"https:\/\/pixir.pl\/api\/wp\/v2\/media?parent=2511"}],"curies":[{"name":"wp","href":"https:\/\/api.w.org\/{rel}","templated":true}]}}

Dedykowane puszki połączeniowe

<div class="block-item block-content block-tech"><div class="block-item-main block-content-main block-tech-main main"><div class="wrapper">
<h2>Dedykowane puszki połączeniowe</h2>
<p>Do każdego modelu kamery PIXIR istnieje możliwość dokupienia puszki montażowej w której znajduje się miejsce na wykonanie połączeń kablowych. Puszki są dopasowane kolorystycznie do kamery co zdecydowanie zwiększa estetykę miejsca montażu.</p>
<p><img loading="lazy" decoding="async" class="alignnone size-full wp-image-2674 aligncenter" src="https://pixir.pl/wp-content/uploads/2018/02/puszki-montazowe.jpg" alt="dedykowane puszki połaczeniowe" width="1325" height="445" srcset="https://pixir.pl/wp-content/uploads/2018/02/puszki-montazowe.jpg 1325w, https://pixir.pl/wp-content/uploads/2018/02/puszki-montazowe-300x101.jpg 300w, https://pixir.pl/wp-content/uploads/2018/02/puszki-montazowe-1024x344.jpg 1024w, https://pixir.pl/wp-content/uploads/2018/02/puszki-montazowe-768x258.jpg 768w, https://pixir.pl/wp-content/uploads/2018/02/puszki-montazowe-520x175.jpg 520w, https://pixir.pl/wp-content/uploads/2018/02/puszki-montazowe-370x124.jpg 370w, https://pixir.pl/wp-content/uploads/2018/02/puszki-montazowe-1200x403.jpg 1200w, https://pixir.pl/wp-content/uploads/2018/02/puszki-montazowe-163x55.jpg 163w, https://pixir.pl/wp-content/uploads/2018/02/puszki-montazowe-45x15.jpg 45w, https://pixir.pl/wp-content/uploads/2018/02/puszki-montazowe-35x12.jpg 35w, https://pixir.pl/wp-content/uploads/2018/02/puszki-montazowe-180x60.jpg 180w, https://pixir.pl/wp-content/uploads/2018/02/puszki-montazowe-100x34.jpg 100w" sizes="auto, (max-width: 1325px) 100vw, 1325px" /></p>
</div></div></div>

<!-- This site is optimized with the Yoast SEO plugin v27.3 - https://yoast.com/product/yoast-seo-wordpress/ -->
<title>Puszki montażowe dedykowane do konkretnych kamer</title>
<meta name="description" content="Każdy model kamery PIXIR posiada dedykowaną puszkę montażową. Puszki są dopasowane kolorystycznie do kamery co zwiększa estetykę montażu." />
<meta name="robots" content="index, follow, max-snippet:-1, max-image-preview:large, max-video-preview:-1" />
<link rel="canonical" href="https://pixir.pl/technologie/dedykowane-puszki-polaczeniowe/" />
<meta property="og:locale" content="pl_PL" />
<meta property="og:type" content="article" />
<meta property="og:title" content="Puszki montażowe dedykowane do konkretnych kamer" />
<meta property="og:description" content="Każdy model kamery PIXIR posiada dedykowaną puszkę montażową. Puszki są dopasowane kolorystycznie do kamery co zwiększa estetykę montażu." />
<meta property="og:url" content="https://pixir.pl/technologie/dedykowane-puszki-polaczeniowe/" />
<meta property="og:site_name" content="Pixir" />
<meta property="article:modified_time" content="2024-04-30T09:01:13+00:00" />
<meta property="og:image" content="https://pixir.pl/wp-content/uploads/2018/02/puszki-montazowe.jpg" />
<meta name="twitter:card" content="summary_large_image" />
<meta name="twitter:label1" content="Szacowany czas czytania" />
	<meta name="twitter:data1" content="1 minuta" />
<script type="application/ld+json" class="yoast-schema-graph">{"@context":"https:\/\/schema.org","@graph":[{"@type":"WebPage","@id":"https:\/\/pixir.pl\/technologie\/dedykowane-puszki-polaczeniowe\/","url":"https:\/\/pixir.pl\/technologie\/dedykowane-puszki-polaczeniowe\/","name":"Puszki montażowe dedykowane do konkretnych kamer","isPartOf":{"@id":"https:\/\/pixir.pl\/#website"},"primaryImageOfPage":{"@id":"https:\/\/pixir.pl\/technologie\/dedykowane-puszki-polaczeniowe\/#primaryimage"},"image":{"@id":"https:\/\/pixir.pl\/technologie\/dedykowane-puszki-polaczeniowe\/#primaryimage"},"thumbnailUrl":"https:\/\/pixir.pl\/wp-content\/uploads\/2018\/02\/puszki-montazowe.jpg","datePublished":"2018-02-20T09:38:29+00:00","dateModified":"2024-04-30T09:01:13+00:00","description":"Każdy model kamery PIXIR posiada dedykowaną puszkę montażową. Puszki są dopasowane kolorystycznie do kamery co zwiększa estetykę montażu.","breadcrumb":{"@id":"https:\/\/pixir.pl\/technologie\/dedykowane-puszki-polaczeniowe\/#breadcrumb"},"inLanguage":"pl-PL","potentialAction":[{"@type":"ReadAction","target":["https:\/\/pixir.pl\/technologie\/dedykowane-puszki-polaczeniowe\/"]}]},{"@type":"ImageObject","inLanguage":"pl-PL","@id":"https:\/\/pixir.pl\/technologie\/dedykowane-puszki-polaczeniowe\/#primaryimage","url":"https:\/\/pixir.pl\/wp-content\/uploads\/2018\/02\/puszki-montazowe.jpg","contentUrl":"https:\/\/pixir.pl\/wp-content\/uploads\/2018\/02\/puszki-montazowe.jpg","width":1325,"height":445,"caption":"dedykowane puszki połaczeniowe"},{"@type":"BreadcrumbList","@id":"https:\/\/pixir.pl\/technologie\/dedykowane-puszki-polaczeniowe\/#breadcrumb","itemListElement":[{"@type":"ListItem","position":1,"name":"Strona główna","item":"https:\/\/pixir.pl\/"},{"@type":"ListItem","position":2,"name":"Technologie","item":"https:\/\/pixir.pl\/technologie\/"},{"@type":"ListItem","position":3,"name":"Dedykowane puszki połączeniowe"}]},{"@type":"WebSite","@id":"https:\/\/pixir.pl\/#website","url":"https:\/\/pixir.pl\/","name":"Pixir","description":"","potentialAction":[{"@type":"SearchAction","target":{"@type":"EntryPoint","urlTemplate":"https:\/\/pixir.pl\/?s={search_term_string}"},"query-input":{"@type":"PropertyValueSpecification","valueRequired":true,"valueName":"search_term_string"}}],"inLanguage":"pl-PL"}]}</script>
<!-- / Yoast SEO plugin. -->

Puszki montażowe dedykowane do konkretnych kamer

Każdy model kamery PIXIR posiada dedykowaną puszkę montażową. Puszki są dopasowane kolorystycznie do kamery co zwiększa estetykę montażu.

dedykowane puszki połaczeniowe

Strona główna
